alue of -3 - ((8 - 8) + (1 - -1))?
-5
What is the value of 0 + -2 + 3 - (2 + -2)?
1
What is -9 + 4 + 10 + -1?
4
What is the value of -8 - ((7 - 4) + -8)?
-3
What is 2 + 1 + -7 + (-1 - -4)?
-1
What is the value of -5 + (5 + -2 - 7 - -3)?
-6
Calculate (13 - 2) + -5 - -1.
7
What is -7 + (6 - -4 - 7)?
-4
Calculate 2 + (-4 - -3 - -4).
5
What is the value of 1 + 4 - ((-3 - -6) + -3)?
5
Calculate (2 - 0) + -3 + 3 + -1.
1
Evaluate (23 - 20) + -6 + 1.
-2
What is -155 + 153 - (-1 - 9)?
8
What is -5 - -1 - (0 - 4)?
0
Calculate 4 + 3 - (3 - 4).
8
2 - (-2 - -2) - (-2 - -1)
3
-45 + 44 - (-1 - -8)
-8
Evaluate -10 - 1 - -19 - 14.
-6
What is 4 + (-4 - 0 - -7 - 7)?
0
1 + -3 - ((11 - 6) + -9)
2
Calculate -5 + 4 + (1 + -2 - -1).
-1
Evaluate (1 - -6) + 4 + (-8 - -8).
11
Evaluate (-9 - -8) + (-5 - -2 - 4).
-8
Calculate (-7 - 7) + (7 - (4 - 4)).
-7
Calculate -1 - (10 - (9 - 1)).
-3
4 - (23 + -10 + -6)
-3
What is the value of (3 - (-2 - -5) - -5) + -8?
-3
Calculate 2 + 0 + (4 - (0 + 6)).
0
(10 - 6) + (-10 - -1)
-5
Calculate 5 + -8 - 2 - -5.
0
Calculate (-1 - (3 + 3)) + 5 + -3.
-5
Evaluate -13 + 12 - (-7 - -1).
5
What is the value of (-30 - -33) + (1 + 3 - 0)?
7
(10 - (5 + 0)) + -7 + 6
4
Evaluate -1 + 0 - (-2 - (0 + 4)).
5
3 + -2 - 2 - (-6 + 3)
2
Evaluate -3 + (3 - -3 - 1) + -2.
0
What is 1 - ((-1 - 3) + 1 + 1)?
3
What is -1 - (-3 + 1) - (4 + -1)?
-2
Calculate -9 + 22 + 1 - 9.
5
What is 6 + (9 + -3 - (2 - -4))?
6
What is the value of -13 - ((-8 - 8) + 6)?
-3
Calculate 19 - 19 - (4 - -3).
-7
What is the value of -2 + 0 + 5 - 7?
-4
-7 + (7 - (3 + -3))
0
What is the value of -20 + 8 + 7 - -8?
3
Calculate 1 + 4 - (8 + 2 - 8).
3
4 + -5 + -1 - (-1 - 2)
1
What is the value of 1 + (0 - -3) + (-5 - 1)?
-2
What is the value of -4 + -1 + 4 - -5?
4
What is 0 - (-1 + (-10 - -21))?
-10
What is 6 + (4 - (2 - (-2 + -1)))?
5
Calculate 2 + (-6 - -5) + 3 - 9.
-5
Evaluate 0 + -5 - ((-1 - -4) + -4).
-4
Evaluate -7 + 3 + (13 + -17 - 0).
-8
What is -12 + (28 - 12) + 1?
5
Calculate 0 + (12 - 11) - -1.
2
Evaluate -5 + 0 + (8 - 5) - -2.
0
Calculate 5 - 7 - 2 - (5 + -17).
8
What is the value of 7 + -6 + -3 - -5?
3
Calculate -21 + 17 - (-5 - 0).
1
Evaluate 2 + 7 + -1 - (106 + -93).
-5
Evaluate (-8 - (-2 + -3)) + 5 - 2.
0
What is 0 + 1 + 4 - 1?
4
-7 - -3 - (-9 + 3 + -1)
3
What is the value of 4 + -14 + (-5 - -12)?
-3
What is -1 - (3 + -3 + -2) - 1?
0
Evaluate (1 - (-2 - 3)) + (34 - 33).
7
What is 0 - (10 - (-3 + 8)) - 0?
-5
(1 + -9 - -20) + -2 + -1
9
What is -14 - -6 - (-10 - (5 - 2))?
5
What is the value of 5 + -1 - ((-2 - -3) + 2)?
1
Calculate 14 + 6 + (-6 - 6) + -2.
6
What is -2 + -2 + 7 + -5 + 2?
0
Calculate 3 + -4 - -1 - 4.
-4
-4 - (-3 + 7 + -4 + -1)
-3
What is (7 - 1) + -3 + -10?
-7
What is 1 - (8 - (0 + (3 - -1)))?
-3
What is -5 + (-3 - -10) + 0?
2
What is 5 + -1 - (1 + -5 - -4)?
4
Calculate -3 + 0 - (1 + 1) - -1.
-4
What is the value of 1 + (2 - 4 - -6) + -1?
4
Evaluate 0 + 0 - (1 - (1 + 3)).
3
What is -5 - -2 - (-2 + -6 + 5)?
0
Evaluate (13 + -9 + 1 - 7) + -1.
-3
-8 + 10 + -2 + 1 + -6
-5
What is the value of -22 - -6 - (3 + -13)?
-6
2 - 0 - 0 - (-38 - -37)
3
Evaluate -4 + 1 + (37 - 34).
0
Calculate 5 - ((-5 - 3) + 18 + -14).
9
-1 + 1 - (-46 - -45)
1
Evaluate -1 + 3 + -1 + (21 - 23).
-1
What is -10 + (-5 - 1 - -9)?
-7
Evaluate -8 - -2 - (-2 - 2).
-2
Evaluate (18 - -1) + (-179 - -168).
8
Calculate (-1 - (-5 - -3)) + 3.
4
Evaluate 7 + (1 + -5 - 1).
2
What is the value of -7 - (-19 + (4 - (4 - 4)))?
8
What is the value of -7 - (-4 + -6 + 7)?
-4
Calculate 5 - (3 + (4 - -1)).
-3
What is the value of -3 - (-8 + 0 - (9 - 13))?
1
What is -10 - (-12 - (11 + -13))?
0
What is the value of 59 + -57 + (-7 - -1)?
-4
Evaluate -1 + -2 + (-16 + 4 - -16).
1
What is the value of 8 - 2 - (-11 + 27)?
-10
What is (-5 - -2) + (10 - 6)?
1
What is 56 - 52 - (-2 - -6)?
0
What is -4 + 7 + -1 + -5?
-3
Evaluate -2 + -3 + 10 - 3.
2
What is (7 - 10) + (0 - (-1 + 0))?
-2
What is the value of (-9 - -7) + -2 + 7?
3
Evaluate -1 - -4 - (0 + 8) - -3.
-2
What is 2 - (1 + -2 - (11 - 17))?
-3
(6 - -2 - (2 + 2)) + 3
7
What is 4 - 2 - (0 + -3 + 9)?
-4
Calculate -4 + 3 + 3 - -2.
4
What is the value of (0 - 12) + -25 + 30?
-7
Calculate (6 - 2) + -10 + 3.
-3
1 - (-14 - -25) - 0
-10
What is -7 - -7 - (-2 + 1)?
1
Calculate (3 - 2) + -3 + 0 - 2.
-4
What is 6 + (-5 - -2) - 5?
-2
What is the value of 3 - (2 - 5) - (8 - 0)?
-2
Evaluate 5 - 4 - (-5 + (0 - -4)).
2
What is the value of 0 + 5 + -9 + 5 + -7?
-6
What is -3 + (0 + 0 - (5 + -3))?
-5
-1 + 0 + (7 - -2 - 4)
4
What is 2 - (2 - -2 - 4)?
2
-2 + -6 + 17 + -4
5
-17 - -7 - (-6 + 0)
-4
Evaluate (0 - 6) + (2 - -3).
-1
-1 - (0 + -3) - (5 - 1)
-2
Evaluate 1 + (3 - 8 - -4).
0
Evaluate 5 + (14 - 8 - 4).
7
Evaluate 13 - 7 - (0 - -10).
-4
Calculate -8 + ((8 - 6) + -6 - -3).
-9
What is -1 - 8 - (10 + 14 + -32)?
-1
What is (-1 - (-7 + -11)) + -2 + -5?
10
Evaluate -4 - 1 - (-1 + -1).
-3
Calculate 1 + 1 + (-118 - -126).
10
-6 + 2 - -3 - -5
4
-12 + -1 - 2 - -7
-8
What is the value of 2 - (11 - (0 - (-12 + 6)))?
-3
-5 + (-2 - 2 - -4)
-5
What is the value of (107 - 110) + -3 + (0 - -1)?
-5
Calculate -57 + 59 - (2 + -5).
5
What is the value of 5 + (-6 + 4 - 0) - 1?
2
What is the value of 2 - ((-2 - -6) + -3)?
1
(1 + -3 - -1) + -3 + 5
1
What is the value of 2 + 1 - (-3 + -4 + 7)?
3
Evaluate -1 - (13 + -7 + -1).
-6
(-5 - (-3 + 2)) + 4
0
Calculate -7 - -1 - (-10 - -6).
-2
Calculate (3 - 2) + 4 + -1.
4
What is 11 + 0 + -2 + -4 - 0?
5
-2 - (-1 - 0) - (-46 - -38)
7
(6 - 3) + -8 + 2
-3
What is the value of -1 - 4 - -5 - -5?
5
What is the value of (2 - 6) + (22 - 21)?
-3
Evaluate 5 - -3 - (-4 + 7).
5
Evaluate -1 + 2 + (3 - (5 - 6)).
5
What is the value of 2 + (12 - 6) + -14?
-6
Evaluate (2 - 2) + 0 + 1.
1
What is the value of (-3 - -8) + 1 + 1?
7
What is the value of -2 + (-8 - -7) + (-6 - -3)?
-6
What is the value of 3 - (6 - (-7 + 7))?
-3
-4 + 4 + -4 + 9
5
Calculate 1 + -1 - (18 - 19).
1
What is 12 - 7 - (0 + 1 + -1)?
5
What is the value of 9 - 7 - (-1 + 5) - -3?
1
Calculate 2 + (72 + -68 - (2 + 1)).
3
(-8 - (14 + -29)) + 2 + -14
-5
3 + -2 + (12 - 12)
1
What is the value of -2 - (-6 - -4) - 0?
0
Calculate (2 - -2) + -1 + (1 - 1).
3
What is the value of (-9 - ((5 - 3) + -7)) + 5?
1
(5 - -1) + 0 + (-68 - -66)
4
What is the value of -7 + 12 + 0 + -10?
-5
Evaluate 1 + (-5 - -5 - (4 + 0)).
-3
What is the value of 1 - 10 - (-38 + 22)?
7
What is 5 + (1 - 0) - (3 - 1)?
4
-8 + (8 + -4 - 1)
-5
Calculate -8 + 14 + -16 - (-6 - 0).
-4
(18 - (8 + 1)) + -14
-5
What is the value of -4 - (-13 - (-4 + -3 + 2))?
4
Calculate -2 + (4 - (0 - -2)) - 4.
-4
What is the value of -7 + (-3 - (3 + -11))?
-2
What is the value of (0 + -2 - (5 + -8)) + -6?
-5
Calculate -10 + (-1 - (3 + (5 - 11))).
-8
Evaluate 2 - (1 - (6 + 2)).
9
What is the value of 0 - 1 - (-3 - 1 - -5)?
-2
Evaluate 21 - 10 - (12 - 5).
4
Evaluate 3 + (7 - (9 - -3)) + 4.
2
4 + 2 + -5 - 5
-4
What is 2 + 2 + (5 - 10)?
-1
Evaluate 1 - (-1 - 1) - 2 - 6.
-5
Evaluate -3 - ((2 - 4) + 0).
-1
What is the value of -3 + (7 - 6 - -5)?
3
What is the value of -1 + 1 + -1 + -2 + 4?
1
Calculate 3 - (5 + (-2 - 3)).
3
-1 - 3 - (120 - 125)
1
What is the value of (7 - (7 - 5) - 3) + -2?
0
Evaluate (1 - (10 - 1)) + 646 + -640.
-2
Evaluate (-23 - -22) + (1 - -1).
1
What is the value of 1 + 3 + 0 + 1?
5
What is -1 + 3 - (102 - 92)?
-8
What is the value of 7 + 7 + (4 - (19 + -7))?
6
What is the value of 6 - (3 + 2) - -2?
3
Calculate 7 + 0 + -4 + 2 + 0.
5
What is (3 - 0) + -8 + 0 - -4?
-1
Calculate (3 - 2) + -2 + 3 + -3.
-1
What is the value of (-16 - -19) + -1 + -2?
0
Calculate 0 + 3 - (-52 + 57).
-2
Evaluate 0 + 2 + -6 + 5.
1
What is the value of (-1 + -4 - (-7 - -4)) + 1?
-1
What is the value of (-48 - -45) + (-2 - -1)?
-4
What is the value of -3 - ((-5 + -5 - -5) + -4)?
6
Calculate -7 - ((7 - 23) + 4).
5
Calculate -1 + 0 + (-5 - -2) + 4.
0
-2 - (-5 - (-1 - 4))
-2
Calculate 9 + (-10 + 0 - (-4 + -2)).
5
(-20 - -16) + (7 - 2)
1
What is 11 + (-7 + 11 - 16)?
-1
What is the value of (5 - 1) + 1 + -7?
-2
What is the value of 60 + -60 + (-5 - 1 - -3)?
-3
What is the value of -5 - (-13 + 8 - 2)?
2
1 + (7 - 4) + 1 + -5
0
8 - 10 - (2 - 2)
-2
Evaluate 6 + (-15 - (-2 - 2)) + 7.
2
What is the value of (6 - -10) + -6 - 7?
3
What is the value of 2 + -2 + 4 + -3?
1
-1 + -3 - (-2 - (2 + -4))
-4
2 - (3 + (0 